a factor of 786?
True
Does 61 divide 915?
True
Is 33 a factor of 28809?
True
Is 14 a factor of 23576?
True
Is 4 a factor of 84?
True
Is 15 a factor of 9375?
True
Does 24 divide 4353?
False
Does 14 divide 2310?
True
Does 46 divide 20332?
True
Is 1713 even?
False
Does 57 divide 27084?
False
Is 21864 a multiple of 42?
False
Is 151 a multiple of 30?
False
Does 58 divide 456?
False
Is 19517 a multiple of 172?
False
Does 20 divide 840?
True
Is 91377 a multiple of 11?
True
Is 30 a factor of 7860?
True
Is 19 a factor of 855?
True
Is 18 a factor of 30744?
True
Is 3717 a multiple of 63?
True
Is 4 a factor of 29?
False
Is 9 a factor of 1584?
True
Is 13 a factor of 4073?
False
Is 7300 a multiple of 38?
False
Is 11 a factor of 4646?
False
Is 29 a factor of 476?
False
Is 127047 a multiple of 82?
False
Is 15 a factor of 202?
False
Is 30240 a multiple of 9?
True
Does 96 divide 72864?
True
Is 4954 a multiple of 8?
False
Is 102 a multiple of 17?
True
Is 27 a factor of 13332?
False
Is 12 a factor of 3570?
False
Does 46 divide 7544?
True
Is 22 a factor of 3520?
True
Is 26361 a multiple of 42?
False
Is 15 a factor of 3918?
False
Does 10 divide 31780?
True
Is 326 a multiple of 29?
False
Is 9 a factor of 22265?
False
Is 39 a factor of 780?
True
Is 65 a multiple of 6?
False
Does 8 divide 8?
True
Is 8 a factor of 248?
True
Is 16 a factor of 2688?
True
Does 2 divide 3068?
True
Is 5 a factor of 40685?
True
Is 4 a factor of 740?
True
Does 25 divide 20249?
False
Does 29 divide 1150?
False
Is 17606 a multiple of 98?
False
Is 30 a factor of 660?
True
Is 17594 a multiple of 6?
False
Does 4 divide 56?
True
Is 84 a factor of 2184?
True
Is 9 a factor of 6254?
False
Is 4704 a multiple of 56?
True
Is 47628 a multiple of 243?
True
Is 960 a multiple of 15?
True
Does 32 divide 43072?
True
Is 2099 a multiple of 38?
False
Is 66 a factor of 3534?
False
Is 176 a factor of 79904?
True
Is 15 a factor of 39870?
True
Is 52 a factor of 4680?
True
Does 17 divide 2470?
False
Does 77 divide 2926?
True
Does 17 divide 51?
True
Is 26980 a multiple of 5?
True
Is 608 a multiple of 3?
False
Is 2352 a multiple of 28?
True
Is 78 a factor of 3220?
False
Is 16 a factor of 25649?
False
Is 8 a factor of 136?
True
Is 11280 a multiple of 24?
True
Is 23 a factor of 27416?
True
Is 34 a factor of 3298?
True
Does 318 divide 81090?
True
Is 572 a multiple of 46?
False
Is 2 a factor of 339?
False
Does 57 divide 5301?
True
Does 2 divide 848?
True
Does 25 divide 13247?
False
Is 11264 a multiple of 32?
True
Does 11 divide 1674?
False
Is 1633 a multiple of 52?
False
Is 12384 a multiple of 12?
True
Does 11 divide 209?
True
Is 32085 a multiple of 6?
False
Is 8 a factor of 3257?
False
Does 28 divide 1165?
False
Is 236 a multiple of 4?
True
Is 16159 a multiple of 143?
True
Is 3375 a multiple of 9?
True
Is 114248 a multiple of 306?
False
Does 10 divide 160?
True
Is 396 a multiple of 11?
True
Is 55890 a multiple of 10?
True
Does 57 divide 9373?
False
Does 9 divide 2964?
False
Does 49 divide 3479?
True
Is 495 a multiple of 5?
True
Is 15 a factor of 315?
True
Is 2292 a multiple of 8?
False
Is 16422 a multiple of 14?
True
Does 40 divide 5951?
False
Does 15 divide 90825?
True
Is 474 a multiple of 6?
True
Does 23 divide 989?
True
Does 37 divide 666?
True
Is 6 a factor of 180?
True
Does 62 divide 6882?
True
Does 5 divide 775?
True
Is 10 a factor of 130?
True
Does 16 divide 13968?
True
Is 48 a factor of 1466?
False
Is 905 a multiple of 112?
False
Does 148 divide 18796?
True
Is 3 a factor of 12719?
False
Is 26 a factor of 114712?
True
Is 30 a factor of 5302?
False
Is 12 a factor of 1032?
True
Does 46 divide 1472?
True
Does 130 divide 3250?
True
Is 66 a factor of 5412?
True
Is 815 a multiple of 72?
False
Is 7 a factor of 368?
False
Is 31 a factor of 891?
False
Is 6786 a multiple of 107?
False
Is 21 a factor of 265?
False
Is 1050 a multiple of 10?
True
Does 25 divide 848?
False
Is 40 a factor of 4183?
False
Is 886 a multiple of 4?
False
Is 20 a factor of 1063?
False
Does 25 divide 39397?
False
Is 13 a factor of 32023?
False
Is 49 a factor of 2633?
False
Is 22 a factor of 3212?
True
Is 37 a factor of 1517?
True
Is 154 a factor of 15017?
False
Is 9 a factor of 11440?
False
Does 16 divide 576?
True
Is 36595 a multiple of 80?
False
Is 43572 a multiple of 9?
False
Is 18 a factor of 18?
True
Is 2054 a multiple of 13?
True
Does 13 divide 1197?
False
Is 18 a factor of 2214?
True
Is 15 a factor of 3207?
False
Is 28 a factor of 7592?
False
Is 4186 a multiple of 3?
False
Does 78 divide 8126?
False
Does 69 divide 2284?
False
Is 312 a factor of 8424?
True
Is 3 a factor of 84?
True
Does 2 divide 605?
False
Is 41 a factor of 4341?
False
Is 26 a factor of 4264?
True
Is 46 a factor of 4554?
True
Does 39 divide 429?
True
Is 8476 a multiple of 4?
True
Does 32 divide 10679?
False
Is 34 a factor of 1734?
True
Does 19 divide 885?
False
Is 45957 a multiple of 12?
False
Is 38287 a multiple of 220?
False
Is 1989 a multiple of 39?
True
Does 24 divide 13120?
False
Does 19 divide 27398?
True
Is 5 a factor of 1235?
True
Is 9 a factor of 9468?
True
Is 27 a factor of 262?
False
Is 16 a factor of 40?
False
Does 40 divide 1760?
True
Is 181 a factor of 10136?
True
Is 604 a multiple of 20?
False
Is 8514 a multiple of 11?
True
Is 80 a factor of 4684?
False
Does 3 divide 2030?
False
Does 31 divide 3826?
False
Does 333 divide 14920?
False
Does 9 divide 718?
False
Is 25 a factor of 1900?
True
Is 500 a multiple of 20?
True
Is 40599 a multiple of 30?
False
Is 48 a factor of 14699?
False
Is 13950 a multiple of 30?
True
Is 10 a factor of 160?
True
Does 35 divide 63181?
False
Is 297 a multiple of 3?
True
Is 80 a factor of 63760?
True
Does 18 divide 4431?
False
Is 37 a factor of 183?
False
Is 3 a factor of 3455?
False
Is 442 even?
True
Does 40 divide 881?
False
Is 238 a factor of 46172?
True
Is 1740 a multiple of 11?
False
Is 1110 a multiple of 24?
False
Does 63 divide 819?
True
Is 31 a factor of 868?
True
Is 218 a multiple of 7?
False
Does 15 divide 2085?
True
Is 29970 a multiple of 15?
True
Does 36 divide 18561?
False
Is 2596 a multiple of 59?
True
Is 216 a multiple of 18?
True
Is 12 a factor of 6141?
False
Is 16621 a multiple of 11?
True
Is 2746 a multiple of 43?
False
Is 8278 a multiple of 25?
False
Is 16 a factor of 42498?
False
Is 1825 a multiple of 4?
False
Is 4 a factor of 52?
True
Does 41 divide 697?
True
Is 9015 a multiple of 15?
True
Does 25 divide 1000?
True
Is 24 a factor of 50417?
False
Is 23 a factor of 148?
False
Does 6 divide 70026?
True
Is 20405 a multiple of 35?
True
Is 138 even?
True
Is 30 a factor of 1590?
True
Is 3 a factor of 2964?
True
Is 71 a factor of 7455?
True
Does 102 divide 10815?
False
Is 3 a factor of 162?
True
Is 7922 a multiple of 25?
False
Does 8 divide 40?
True
Is 84980 a multiple of 14?
True
Does 25 divide 13251?
False
Is 14272 a multiple of 8?
True
Is 1236 a multiple of 12?
True
Does 56 divide 2862?
False
Is 2189 a multiple of 15?
False
Does 56 divide 5467?
False
Is 178 a factor of 42008?
True
Is 91 a factor of 36400?
True
Is 30 a factor of 2697?
False
Is 5 a factor of 4075?
True
Is 57910 a multiple of 94?
False
Does 95 divide 3420?
True
Is 6 a factor of 665?
False
Is 8150 a multiple of 12?
False
Is 1273 a multiple of 2?
False
Is 10 a factor of 3220?
True
Does 2 divide 27?
False
Is 510 a multiple of 30?
True
Is 107 a factor of 1819?
True
Does 29 divide 780?
False
Does 7 divide 419?
False
Does 13 divide 338?
True
Is 13 a factor of 273?
True
Is 7 a factor of 91?
True
Is 13190 a multiple of 71?
False
Does 28 divide 425?
False
Is 6 a factor of 162?
True
Is 555 a multiple of 3?
True
Is 713 a multiple of 23?
True
Does 8 divide 1905?
False
Is 7982 a multiple of 42?
False
Does 12 divide 1416?
True
Is 24 a factor of 1032?
True
Is 779 a multiple of 20?
False
Is 29 a factor of 1218?
True
Does 12 divide 300?
True
Is 28 a factor of 1815?
False
Is 100 a factor of 15984?
False
Is 5 a factor of 320?
True
Does 65 divide 16019?
False
Is 5 a factor of 2300?
True
Does 34 divide 6041?
False
Is 4 a factor of 4775?
False
Is 19244 a multiple of 5?
False
Is 443 a multiple of 77?
False
Is 516 a multiple of 12?
True
Is 178101 a multiple of 15?
False
Is 4 a factor of 232?
True
Is 3328 a multiple of 52?
True
Is 456 a multiple of 38?
True
Does 249 divide 69720?
True